t is the highest common divisor of a and c?
18
Let o be ((-5)/(-2))/(50/120). Let m be -7 + (0 + 0)/(-1). Let f = 13 + m. What is the greatest common divisor of f and o?
6
Suppose -3*t + 101 = t - 3*a, -4 = -4*a. Suppose -t = -2*m + 4*p, 25 = 3*m - 3*p - 5. Let y = -1 + m. Calculate the greatest common divisor of 42 and y.
6
Suppose 0 = -5*b + 15, 2*b - 495 = -3*u + 2*u. Suppose s = -2*s + 4*f + 358, -4*s = -3*f - u. What is the highest common divisor of 14 and s?
14
Let w = 19 + -11. Suppose -265 - 55 = -40*j. What is the highest common factor of j and w?
8
Suppose 0 = -g - v - 7, -42 = 2*g + 2*g - 3*v. Let j be -4*(82/(-5))/(g/(-45)). Calculate the highest common divisor of 41 and j.
41
Suppose 13 = 5*j + 3. Suppose 3*g - 64 = -4*t, -j*g + 42 + 22 = 4*t. Let x(a) = 29*a**2 - 3*a + 2. Let r be x(2). What is the highest common factor of r and t?
16
Let s(t) = 72*t - 53. Let c be s(9). What is the highest common factor of 35 and c?
35
Suppose 5*y = -4*i - 131 + 348, 2*y = 2*i + 76. What is the greatest common divisor of 1189 and y?
41
Let x(v) = 4*v**3 + 43*v**2 + 4*v - 1. Let b be x(-8). Calculate the greatest common factor of 61 and b.
61
Suppose -85 = -18*a + a. Let k(o) = o**3 + 11*o**2 - 15*o + 9. Let p be k(-12). Calculate the greatest common factor of p and a.
5
Let m(y) = y**3 + 8*y**2 + 11. Let a be m(-8). Let j(r) = 9*r - 27. Let b be j(14). Calculate the greatest common divisor of a and b.
11
Let w = -66 + 114. Let s be (-270)/4*w/(-40). Let t = s + -46. What is the greatest common divisor of 7 and t?
7
Let b = -29 + 19. Let s be ((-110)/b)/((-2)/(-2)). Calculate the greatest common factor of s and 22.
11
Let v = 16 + -16. Suppose -5*i - u = -v*u + 5, 0 = -5*u. Let n be (-8)/(-16)*(-20)/i. What is the highest common divisor of n and 4?
2
Let j be 5405/3 - (-79)/237. What is the highest common factor of 34 and j?
34
Let t(p) = -p**2 - 4*p + 21. Let b be t(-10). Let w = b + 40. What is the greatest common factor of 9 and w?
1
Let d be 2/(((-9)/(-24))/3). Suppose 23*h - 2743 = 1305. What is the greatest common factor of d and h?
16
Let t be ((-1)/(-2))/(1/20). Let h = -25 + 28. Let s = 13 - h. Calculate the greatest common divisor of t and s.
10
Let r = -3 + 103. Let n = 3 - -37. What is the highest common divisor of r and n?
20
Let u = 514 + -50. Calculate the greatest common divisor of 29 and u.
29
Suppose 3*t = -4*a + 1921, a = 5*t + 566 - 80. Calculate the highest common divisor of a and 13.
13
Let v(k) = k**2 + 2*k + 1. Let p(c) = c**2 + 2*c. Let q(r) = -p(r) + 2*v(r). Let s be q(-2). Let m = -3 + 25. Calculate the greatest common factor of m and s.
2
Suppose 6*o = -2*o + 24. Suppose 3*c = -4*b + 30, -2*b - o*c + 4 = -14. What is the highest common factor of b and 48?
6
Let z = -33 - -27. Let j(k) = 11*k**2 + 16*k + 8. Let y be j(z). Suppose -3*l + y = -2*l. What is the highest common factor of 28 and l?
28
Let f(k) = -2*k**2 + 53*k - 28. Let n be f(23). What is the greatest common divisor of 95 and n?
19
Let a(v) be the first derivative of v**3/3 + 9*v**2/2 - 27*v + 38. Let q be a(6). What is the greatest common divisor of q and 9?
9
Let u(r) be the first derivative of r**4/2 - 16*r**3/3 + r**2 - 13*r + 7. Let l be u(8). What is the highest common divisor of l and 15?
3
Let t be ((-4)/6)/((-4)/258). Let u be (-8)/6 + (-16)/((-96)/2330). What is the highest common factor of u and t?
43
Suppose 11*x - 392 = 4*x. Calculate the highest common factor of x and 40.
8
Let g(c) = 5*c - 1. Let f be g(3). Suppose 259 = 3*a + 154. What is the highest common divisor of f and a?
7
Let w be 71 - (-2 - 7/((-28)/(-20))). Let x = -1 + 27. What is the highest common factor of x and w?
26
Let s(m) = 2*m**3 - 19*m**2 - 15*m - 7. Let f be s(13). What is the highest common factor of 109 and f?
109
Let p = 256 + -247. Calculate the highest common divisor of p and 108.
9
Suppose 9*i = -i + 640. What is the greatest common factor of i and 48?
16
Suppose 0 = 2*i - 3*i, 0 = 5*u + 4*i - 20. Suppose 1 + 35 = u*w. Calculate the highest common factor of 36 and w.
9
Suppose -249 + 23 = -4*g - 2*h, g + 5*h = 70. Suppose -5*q + 125 = -g. Let x = 21766 + -21762. Calculate the greatest common divisor of q and x.
4
Let d(s) = -s**3 + 8*s**2 + s + 6. Let q be 31/4 + (-1)/(-4). Let m be d(q). Suppose -n - 70 = -3*n. What is the highest common divisor of m and n?
7
Let x = 567 + -438. What is the greatest common factor of 86 and x?
43
Let u = -443 - -807. Suppose d - 4*g = u, -1405 = -4*d + 3*g - 4*g. What is the highest common divisor of 44 and d?
44
Let b be ((-78)/(-15) - 2)/((-1)/(-5)). Suppose -5*k + b = 3*k. Calculate the highest common factor of k and 2.
2
Let v(q) = 3*q. Let u(o) = o + 5. Let z be u(5). Let k be v(z). Let b be k/(-3 + 0 + 4). What is the highest common factor of 5 and b?
5
Let u = 1027 - 1008. What is the highest common factor of u and 266?
19
Let g(l) = -l**3 + 2*l**2. Let t be 36/(-20)*(-20)/6. Suppose 2*y + 0*y = -t. Let c be g(y). What is the greatest common factor of 5 and c?
5
Let q = -68 - 38. Let z = -22 - q. What is the highest common factor of 12 and z?
12
Let k be (1/1)/(8 - (-555)/(-70)). What is the greatest common factor of k and 35?
7
Let w(d) = -d**3 - 14*d**2 - d + 3. Suppose 5*o = 1334 + 466. Let v be o/(-26) + (-12)/78. Let k be w(v). What is the highest common factor of 17 and k?
17
Suppose -4*w - 44*d = -41*d - 52, -2*d = 8. What is the greatest common factor of 656 and w?
16
Suppose -t + 2*o = -11 - 149, 4*o = 16. Calculate the greatest common factor of 18 and t.
6
Suppose 29*x - 30 - 202 = 0. What is the highest common factor of 52 and x?
4
Let f(v) = v**2 - 8*v + 2. Let m be (-60)/(-16)*40/15. Let s be f(m). Calculate the greatest common divisor of s and 66.
22
Suppose 39 = 7*s - 3. Suppose s - 14 = -2*q. Calculate the greatest common divisor of 108 and q.
4
Let k(w) = 2*w**3 - 5*w**2 + 3*w + 2. Let r = -76 - -79. Let x be k(r). Calculate the greatest common divisor of 8 and x.
4
Let w(n) = 3*n**2 + n + 2. Let u be w(-1). Suppose u = -m + 42. Calculate the greatest common factor of m and 95.
19
Suppose -3*y - i + 1 = -14, 0 = 4*i - 12. Suppose -104 = -5*p + 2*m, m - 4*m = y*p - 97. Calculate the highest common factor of p and 55.
11
Let j = -87 - -118. Calculate the greatest common divisor of 248 and j.
31
Suppose p = -2*h + 1 + 17, 5*p + 5*h = 70. Suppose -60 = 7*w - p*w. What is the highest common divisor of 5 and w?
5
Suppose 0 = -g - 3*n + 27, 2*g - 3*n = -2*n + 61. Suppose 4*q = 5*c + 35, -q + c = -5 - 3. Suppose q*m - 37 = 38. What is the greatest common factor of m and g?
15
Suppose -68*q = -93*q + 1150. Calculate the greatest common divisor of q and 46.
46
Suppose 2*q - 4*q + g = -44, 3*q + 3*g = 84. Let j = -16 + q. Calculate the greatest common divisor of 24 and j.
8
Suppose 0 = 2*o + 2*h - 42, 4*h + 56 = 2*o - h. Suppose -j = -5*z + 3, -4 = -2*j - z + o. What is the highest common divisor of 8 and j?
4
Suppose -22*z + 21 = -19*z. Calculate the highest common divisor of z and 14.
7
Suppose -2*l - 2 = 0, -2*r = 3*r - 3*l - 108. Suppose 11*c - 8*c = r. What is the greatest common divisor of c and 7?
7
Let s(n) = -8*n + 19. Let o be s(2). Suppose -3*v + 5*c = -6, -6*v + 4*c = -o*v - 6. What is the greatest common divisor of 16 and v?
2
Let y = -27 - -33. Let d(f) = -2*f + 12. Let i be d(y). Let w be (i/(-2) - -1)/1. What is the highest common factor of w and 11?
1
Suppose -w + 0 = -21. Calculate the greatest common factor of w and 12.
3
Suppose 2*c + 2 = 10. Suppose z - 3*q + 13 = 5*z, -q - 17 = -c*z. Suppose -t - 57 = -z*r, -r - 4*t - 1 = -11. Calculate the greatest common factor of 70 and r.
14
Let u(y) = y**3 - 28*y + 36. Let f be u(5). Let z(k) = 14*k**2 - k - 1. Let w be z(-1). What is the greatest common factor of w and f?
7
Suppose 166*q - 4596 = -446. Let p(s) = -13*s + 8. Let h be p(-9). What is the greatest common factor of h and q?
25
Suppose 16*q - 3390 - 9394 = 0. What is the highest common factor of 17 and q?
17
Let s = 71 + 1. Let k = 70 - -38. What is the highest common factor of s and k?
36
Suppose 4*u + 0 = 16. Suppose u*w = -1 + 13. Suppose 15 = w*r - 21. Calculate the highest common divisor of 8 and r.
4
Let p(g) = -g**3 + 2*g**2 + 4*g + 2. Let h be p(-2). Calculate the highest common diviso